51052?
1
Calculate the highest common divisor of 60 and 12252.
12
Calculate the greatest common factor of 461605 and 95.
95
Calculate the greatest common factor of 4368 and 4017.
39
What is the greatest common factor of 30 and 474?
6
What is the greatest common factor of 43 and 569?
1
Calculate the greatest common divisor of 22779 and 45.
9
Calculate the highest common factor of 6 and 2090847.
3
Calculate the greatest common factor of 2075 and 33350.
25
What is the highest common factor of 2616 and 4248?
24
Calculate the highest common factor of 2294 and 2368.
74
What is the greatest common factor of 5445 and 80145?
45
Calculate the greatest common factor of 561 and 3333.
33
What is the highest common divisor of 9 and 94521?
3
What is the greatest common factor of 7710 and 1635?
15
What is the highest common factor of 23564 and 258?
86
Calculate the highest common divisor of 9716 and 48048.
28
Calculate the greatest common divisor of 574759 and 718.
359
What is the highest common divisor of 7257712 and 616?
616
What is the greatest common factor of 716090 and 8080?
1010
Calculate the highest common factor of 60942 and 18.
6
Calculate the greatest common divisor of 61726 and 28.
14
Calculate the highest common factor of 21925 and 100.
25
Calculate the greatest common factor of 333061 and 284.
71
What is the greatest common factor of 3192 and 322?
14
What is the highest common factor of 76425 and 30?
15
Calculate the highest common factor of 42 and 63462.
42
What is the greatest common factor of 147 and 7742?
49
Calculate the greatest common factor of 44804 and 161.
23
What is the greatest common factor of 237294 and 90?
18
What is the greatest common factor of 440 and 519860?
220
Calculate the highest common factor of 25557 and 336.
21
What is the greatest common divisor of 996 and 272?
4
Calculate the highest common divisor of 472162 and 94.
94
Calculate the greatest common factor of 163488 and 3744.
1248
Calculate the highest common divisor of 14 and 13705594.
14
What is the greatest common factor of 9066 and 1742183?
1511
What is the highest common factor of 106755 and 1155?
165
Calculate the greatest common factor of 5984 and 865216.
352
Calculate the highest common factor of 342 and 9162.
18
Calculate the highest common factor of 732 and 1342.
122
Calculate the highest common factor of 50554 and 2254.
322
What is the highest common divisor of 488766 and 754?
58
What is the greatest common factor of 26748 and 240?
12
Calculate the greatest common divisor of 117453 and 21.
21
Calculate the highest common divisor of 1936 and 162712.
88
Calculate the highest common factor of 462 and 434346.
66
What is the greatest common factor of 156 and 12259?
13
Calculate the highest common divisor of 375 and 218625.
375
What is the highest common factor of 191 and 44121?
191
What is the greatest common factor of 8 and 9508?
4
What is the greatest common divisor of 5236 and 508844?
476
What is the greatest common divisor of 2717 and 128953?
209
What is the highest common divisor of 191704 and 136?
8
Calculate the highest common divisor of 2924 and 3698.
86
Calculate the highest common factor of 68140 and 60.
20
Calculate the greatest common factor of 14 and 1000881.
7
Calculate the highest common factor of 430 and 11266.
86
Calculate the highest common factor of 55470 and 473.
43
Calculate the highest common factor of 380 and 136.
4
What is the highest common factor of 187 and 29852?
17
What is the greatest common divisor of 9696 and 7488?
96
Calculate the highest common divisor of 250 and 3860.
10
Calculate the greatest common divisor of 107000 and 16264.
856
What is the highest common factor of 627717 and 178?
89
What is the highest common divisor of 69447 and 147?
21
Calculate the greatest common divisor of 2562 and 1078.
14
What is the highest common factor of 21003552 and 144?
144
What is the greatest common divisor of 91320 and 290?
10
Calculate the highest common divisor of 94826 and 238.
34
Calculate the highest common divisor of 292 and 7915244.
292
Calculate the greatest common divisor of 6720 and 756.
84
Calculate the greatest common factor of 41 and 554197.
41
Calculate the greatest common factor of 90 and 29745.
45
Calculate the highest common factor of 5627 and 278371.
331
What is the highest common divisor of 90221 and 83?
83
What is the greatest common divisor of 8468 and 10804?
292
What is the highest common divisor of 234 and 110214?
234
What is the greatest common divisor of 241 and 31211669?
241
Calculate the greatest common factor of 882 and 248598.
126
What is the greatest common factor of 116 and 393124?
116
What is the highest common divisor of 61764 and 48?
12
What is the greatest common factor of 153322 and 104?
26
What is the greatest common divisor of 1190 and 13244?
14
Calculate the highest common factor of 918 and 1565496.
306
Calculate the highest common factor of 1720 and 87548.
172
Calculate the greatest common factor of 258 and 74003.
43
Calculate the greatest common factor of 1250 and 160750.
250
Calculate the greatest common divisor of 19584 and 1.
1
What is the greatest common divisor of 2782 and 1040?
26
Calculate the greatest common divisor of 90576 and 2368.
592
Calculate the highest common factor of 160501 and 77.
11
What is the highest common divisor of 343420 and 70?
70
What is the greatest common divisor of 53019 and 5069?
137
What is the highest common divisor of 2679232 and 64?
64
What is the greatest common factor of 15 and 64095?
15
Calculate the highest common divisor of 93285 and 594.
27
Calculate the greatest common factor of 600 and 20556.
12
What is the greatest common divisor of 51448 and 6104?
872
What is the highest common divisor of 163 and 175877?
163
Calculate the greatest common factor of 615720 and 40.
40
Calculate the highest common factor of 319828 and 74.
74
What is the highest common factor of 248346 and 6?
6
What is the highest common divisor of 74 and 97?
1
What is the greatest common divisor of 731527 and 17?
17
What is the highest common divisor of 8373 and 78?
3
What is the highest common factor of 73 and 132714?
73
What is the highest common divisor of 121 and 186703?
121
Calculate the highest common factor of 321 and 19153.
107
Calculate the greatest common factor of 134 and 1704614.
134
What is the greatest common factor of 230 and 690230?
230
What is the greatest common divisor of 924 and 3916?
44
Calculate the greatest common divisor of 420931 and 7.
7
Calculate the greatest common divisor of 144 and 41049.
9
Calculate the highest common factor of 1879177 and 941.
941
What is the greatest common divisor of 1606 and 11534?
146
What is the highest common divisor of 358891 and 299?
13
What is the highest common divisor of 532779 and 5928?
741
What is the greatest common divisor of 4 and 50276?
4
Calculate the greatest common divisor of 368586 and 18.
18
Calculate the highest common factor of 266 and 137047.
19
What is the highest common factor of 168 and 34552?
56
Calculate the highest common factor of 8350 and 45775.
25
Calculate the highest common divisor of 122528 and 2240.
224
Calculate the greatest common factor of 19 and 1549469.
19
What is the highest common factor of 5360 and 41674?
134
What is the highest common divisor of 591370 and 260?
130
Calculate the highest common factor of 208456 and 72.
8
Calculate the greatest common divisor of 724 and 738299.
181
What is the greatest common factor of 41913 and 27?
9
Calculate the highest common factor of 8560 and 200.
40
Calculate the greatest common divisor of 2183 and 13511.
59
What is the greatest common divisor of 2511 and 14787?
279
Calculate the greatest common factor of 73275 and 330.
15
What is the greatest common factor of 4440 and 108?
12
Calculate the highest common divisor of 679 and 18527.
97
Calculate the greatest common factor of 713 and 66278.
31
What is the highest common factor of 337662 and 72?
18
Calculate the highest common divisor of 300405 and 105.
105
What is the highest common divisor of 2940 and 120?
60
What is the greatest common divisor of 3475 and 683185?
695
What is the greatest common factor of 383697 and 729?
243
What is the highest common factor of 339918 and 2817?
939
Calculate the greatest comm